e of 2*d**3/3 + d**2/2 - d. What is h(c)?
5
Let j be ((-4)/12)/((-1)/(-21)). Let p(a) = a - 2. Let r(z) = 3*z - 4. Let b(d) = j*p(d) + 3*r(d). Give b(3).
8
Let s(v) = v**3 + 3*v**2 - 12*v - 2 + 4*v - 1. Let p(i) = -3*i + 7. Let l be p(-5). Let x = 17 - l. Calculate s(x).
-13
Suppose 5*z + 5*o - 2*o - 5 = 0, 0 = 5*z + 2*o - 5. Let g(v) = v**3 - v**2 - 3*v + 4. Let n be g(z). Let s(k) = -9*k. What is s(n)?
-9
Let s = 112 + -101. Let v(i) = -i**3 + 10*i**2 + 14*i - 34. Let l be v(s). Let r(u) = 4*u. What is r(l)?
-4
Let b(v) = -v**2 - 12*v + 32. Let s be b(-14). Let w(u) be the third derivative of -u**6/120 + u**5/15 + u**4/24 - 2*u**3/3 - 9*u**2. What is w(s)?
0
Let m(t) = 3*t + 2*t**3 + 1 - 2*t + 16*t**3. Let z(f) = -23*f - 116. Let l be z(-5). Determine m(l).
-18
Let s = -1547/6 + 258. Let o(z) be the third derivative of -2*z**2 + 0 + 1/8*z**4 + 0*z + s*z**3 - 1/60*z**5. What is o(3)?
1
Suppose -6*f - 51 = -4*g - 3*f, 0 = -4*g - 3*f + 21. Let b(t) = t - 3. What is b(g)?
6
Let s(g) = g**2 + g - 2. Let i(v) = 5*v**2 + 4*v - 7. Let b(l) = -i(l) + 4*s(l). Calculate b(0).
-1
Let o(s) = s**3 + 6*s**2 + 4*s - 4. Let v(h) = h**3 - 11*h**2 - 12*h - 6. Let j be v(12). Give o(j).
-28
Let u(f) be the first derivative of -f**2 + 11*f + 23. Let p be u(5). Let g(b) = -8*b**3 - b**2 + 2*b - 1. Give g(p).
-8
Let c = -24 - -25. Let x(y) = -2*y - 2 + 5 - c - 3*y**3 + 3*y**2. Calculate x(2).
-14
Let o(m) = m**2 - 6*m - 5. Let z be o(7). Let u(q) = 10*q - 81. Let v(y) = y - 9. Let f(b) = 4*u(b) - 36*v(b). What is f(z)?
8
Let w(a) = -3*a - 6. Let b(i) = i + 7. Suppose -3*o - 27 = -2*m, 7*o + 2*m = 3*o - 50. Let j be b(o). Give w(j).
6
Let y(r) = 5*r - 2. Suppose 4*v = v - 5*v. Calculate y(v).
-2
Let q be 1 - -6*7/(-14). Let h(j) = -j - 4. Give h(q).
-2
Let t(l) be the first derivative of -14 - 7/2*l**2 + 2*l + 1/3*l**3. Calculate t(6).
-4
Let d(n) = -5*n**3 + 5*n + 0*n + 4*n**3 - 1 - 5*n**2 - 2. Give d(-5).
-28
Let c(s) = -s**3 + 17*s**2 + 20*s - 5. Suppose 0 = 999*d - 1010*d + 198. Give c(d).
31
Let h(z) = 26 + 32 + 28 - 3*z - 85. Give h(-1).
4
Let h(k) = k. Let t(d) = -d**2 - 2*d + 4. Let z(q) = -4*h(q) - t(q). Calculate z(-4).
20
Suppose -7 = -a - 2. Let t(b) = -48*b + 40. Let w(p) = -15*p + 12. Let u(y) = 4*t(y) - 13*w(y). Calculate u(a).
19
Suppose -2*n + 4*n + 3*b = -95, -119 = 2*n - 5*b. Let z = -50 - n. Let o(r) = 3*r + 1. Give o(z).
7
Let o(w) = 14*w**3 + 3 + 2*w**2 + 2*w**2 - 15*w**3 + 3*w + 14 + 2*w**2. Calculate o(7).
-11
Let r(o) = -164 + 0*o**2 - o**2 + 163 - 4*o**2. Determine r(-1).
-6
Suppose 119*h + 95 = 124*h. Let p = -23 + h. Let w(k) = -3*k - 4. Give w(p).
8
Let r be -2 + 2686/18 - 6/27. Let j(x) = r*x - 146*x - 15 + 3. Give j(0).
-12
Let d(t) = t**2 + 3*t - 3. Let k be d(-4). Let m = 5 - k. Let b(h) = 3*h**2 - 22*h + 6. Let a(n) = n**2 - 7*n + 2. Let y(w) = 7*a(w) - 2*b(w). Calculate y(m).
-2
Let t(p) = -p**2 - 6*p - 6. Let b(i) = -i**2 - 6*i - 5. Let m(w) = 3*b(w) - 2*t(w). Let z(j) = 7*j - 56. Let f be z(7). Calculate m(f).
-10
Let n(h) be the third derivative of 0*h - 1/60*h**6 - 1/60*h**5 + 1/24*h**4 + 0*h**3 - h**2 + 0. Suppose -14 = -491*z + 477*z. Determine n(z).
-2
Suppose 0 = 2*v + 2*x + 115 + 37, 0 = -2*v - 5*x - 161. Let r = v - -69. Let k(s) = s**2 + 4*s + 2. Give k(r).
2
Let w(l) be the third derivative of -l**4/8 - l**3/6 - l**2 + 21*l. Suppose m + 0*y - 3*y = 7, 11 = -4*m - y. Determine w(m).
5
Let a = -40 - -43. Let w(k) = 4*k**2 + k**3 - 6 + 2*k + 7 + 0*k**a - 8*k**2. Give w(3).
-2
Let r(g) be the second derivative of g**4/12 + 7*g**3/6 + 2*g**2 + 5*g. Let p be r(-7). Let i(o) = 0*o - 2*o + o**2 + 5 - 4*o. Give i(p).
-3
Suppose -2*x + 5*x = -27. Let b(k) = 2*k**2 + 18*k - 1. Let s be b(x). Let o be s*(-6 - 8/(-4)). Let m(c) = -c + 1. Determine m(o).
-3
Suppose k = 4*l + 8, -3*k + 0*l = -l + 9. Let x(v) be the first derivative of v**2/2 - v - 3051. Give x(k).
-5
Let n(z) = 7*z**2 + 5*z - 17. Let g(k) = 4*k**2 + 3*k - 9. Let s(o) = 11*g(o) - 6*n(o). Give s(-2).
5
Let n(o) = 11*o**2 - 17*o + 21. Let t(y) = 5*y**2 - 8*y + 10. Let p(l) = 4*n(l) - 9*t(l). Calculate p(3).
-3
Let s(i) = -10*i**3 - 3*i**2 - 42*i - 12. Let j(z) = -7*z**3 - 2*z**2 - 29*z - 8. Let t(d) = -7*j(d) + 5*s(d). Give t(0).
-4
Let s(m) = 0*m - m + 1 - 80*m**2 + 70*m**2. Suppose 5 = 6*v - 1. Give s(v).
-10
Let z(m) be the third derivative of m**5/60 - m**4/12 - m**3/2 + 208*m**2. Let g be (-3)/3*1 + -1. Calculate z(g).
5
Let t(g) = 28*g - 106*g + 2 + 26*g + 23*g + 28*g. What is t(-2)?
4
Suppose 2*n + 4 = 0, 0 = 5*u + 3*n + n + 13. Let c(m) be the second derivative of 5*m**3/6 + 14*m. Determine c(u).
-5
Let u(v) be the first derivative of -3*v + 5/2*v**2 - 5/3*v**3 + 1/4*v**4 + 1. Determine u(4).
1
Let o(j) = -j**3 + 5*j**2 + 3. Let d(a) = -a + 20. Let x be d(22). Let c be (x/(-4))/(-1 - (-11)/10). Calculate o(c).
3
Let x(w) be the second derivative of -w**4/4 - 3*w**3/2 + 2*w**2 - 2*w - 386. Calculate x(-3).
4
Let n = -8 - -5. Let g(p) be the second derivative of 0 - 1/6*p**4 - 1/2*p**2 - 44*p - 2/3*p**3. What is g(n)?
-7
Suppose 5*t - 7 = 4*t + 5*u, 0 = t + 5*u - 47. Suppose -24*s = -t*s + 81. Let p = s + -19. Let d(b) = b**2 - 9*b + 9. Calculate d(p).
1
Let u(c) = -6*c**2 + 7*c - 4. Let y(t) = t**2 + 2*t + 1. Let i(s) = u(s) + 5*y(s). Determine i(17).
1
Let u(l) = 3*l**2 + 7*l - 31. Let t(w) = w**2 + w + 1. Let y(v) = 6*t(v) - u(v). Let d(r) be the first derivative of y(r). Calculate d(-3).
-19
Suppose 1 = 5*f - 14. Let b(l) be the third derivative of l**5/60 - l**4/8 + 11*l**2. Give b(f).
0
Let b = 942 + -938. Let j(f) = 10*f - 1. Let d(s) = 7*s - 1. Let k(y) = 7*d(y) - 5*j(y). Give k(b).
-6
Suppose 8 = -x - 9. Let o = x + -4. Let y = o + 17. Let l(v) = -3*v - 3. Give l(y).
9
Let v(x) be the third derivative of -x**5/60 + 7*x**4/24 + 5*x**3/6 + 14*x**2. Suppose -12*o = -7*o - 30. Give v(o).
11
Let a(c) = 101*c - 52*c - 2 - 50*c. Determine a(-3).
1
Suppose 88 + 8 = -24*m. Let d(h) = -h**2 - h + 1. Determine d(m).
-11
Let o(d) = d**3 - 2*d**2 - d + 2. Let b(y) = 2*y**3 - 3*y**2 - 2*y + 4. Let g(q) = 6*b(q) - 11*o(q). Suppose -1653*n + 1655*n = -8. Give g(n).
6
Let i(m) = -m**3 + 5*m**2 - 5*m + 3. Suppose -4*x = 5*u + 16 + 19, -4*x - 14 = -2*u. Let p be (u/12)/(3/(-60)). Let b = 9 - p. What is i(b)?
-1
Suppose 5*t + 49 = 4*p, -p - t + 6 = 5. Let f(s) = s**2 - 8*s + 4. Give f(p).
-8
Let h(p) be the first derivative of p**3 - p**2 - p + 69. Determine h(3).
20
Let f(h) be the first derivative of h**2/2 - h - 1. Suppose 0 = 3*n - 0*n - 2*g + 23, -4*n - 4 = 4*g. What is f(n)?
-6
Suppose 0 = 4*o + 4*v + 68, 4*o - 5*o - 3*v - 25 = 0. Let i = 15 + o. Let u(g) = -g**i + 4 + 2*g**2 - 2*g - 6. Give u(4).
6
Let h(o) be the first derivative of -o**2/2 - 3*o + 29. Determine h(-2).
-1
Let j(u) = -11*u**2 + u. Let y be j(-1). Let l = 19 + y. Let m(q) = 2*q + 0 + 1 + q**2 - l*q. What is m(6)?
7
Let r(s) = -s**2 - 7*s + 1. Let b(l) = 8*l + 82. Let u be b(-10). Suppose 0 = u*c + 5*t + 14, 4 = -c + 5*t - 3. Determine r(c).
1
Let l(p) = -p**2 + 19*p - 40. Let z = -2629 + 2645. Give l(z).
8
Suppose 16*q - 10 = 14*q. Let p(z) = 2*z - q + 1 + 0*z - z. Give p(-4).
-8
Let u(t) = t**3 - 8*t**2 + 8*t + 2. Let k = -105 + 112. Determine u(k).
9
Let y(q) be the third derivative of -1/24*q**4 + 26*q**2 - 1/3*q**3 + 0*q + 0. Let n = 1 + 1. Calculate y(n).
-4
Let g = -1 - -1. Let a(h) = 4 - h + 0 + 2 + 2*h + 0*h. Give a(g).
6
Let j(h) = 16*h. Let c be 1/3 - (-14)/(-6). Let v be 20 - 21 - (c - (0 - 0)). Give j(v).
16
Let r(g) = -5*g - 2. Let f(x) = -22*x - 8. Let l(m) = -2*f(m) + 9*r(m). Give l(7).
-9
Let n(r) = r**2 + 7*r + 8. Suppose 5*p - p = 664. Let h = -406 + p. Let m be h/42 - 2/7. Calculate n(m).
2
Let i(b) = -b - 3. Let x(h) = -2*h + 17. Let n be x(8). Let z be 3/n*(-12)/9. Give i(z).
1
Let r = 4 + 0. Suppose -f = r*f + 70. Let j = f - -12. Let a(o) = -o**3 + 3*o + 3. Calculate a(j).
5
Suppose -n - 10 = -6*n. Let a(z) = -40*z**2 - 81*z + 2. Let r be a(-2). Let q(v) = -v - 2*v**2 + r*v - 2 - n*v. What is q(2)?
-8
Let l(q) = 3*q - 7. Let s(x) = 7*x - 14. Let p(k) = -5*l(k) + 2*s(k). Suppose 4*h + f + 2 = 15, 0 = -3*h + f + 15. Calculate p(h).
3
Let h(t) = 3*t**3 - 23*t**2 - 14*t - 12. Let z(x) = -x**3 + 8*x**2 + 5*x + 4. Let l(s) = 4*h(s) + 11*z(s). Give l(4).
-8
Let x(u) = -u**2 + 7. Le